4?
62
Calculate the greatest common factor of 55 and 120208.
11
Calculate the highest common factor of 4202 and 88.
22
What is the greatest common factor of 50 and 6970?
10
What is the greatest common factor of 6156 and 104004?
324
Calculate the greatest common divisor of 4972 and 164.
4
What is the greatest common divisor of 1183 and 57785?
91
What is the greatest common divisor of 738 and 7866?
18
Calculate the highest common factor of 1596 and 2926.
266
What is the highest common divisor of 84680 and 696?
232
What is the highest common factor of 1133 and 4972?
11
What is the greatest common divisor of 150590 and 220?
110
Calculate the greatest common factor of 412336 and 352.
16
What is the greatest common factor of 25525 and 1325?
25
What is the greatest common factor of 36 and 510216?
12
What is the greatest common factor of 30 and 1446?
6
What is the highest common divisor of 1161 and 5967?
27
What is the greatest common divisor of 1240 and 35681?
31
Calculate the greatest common factor of 204672 and 738.
246
What is the highest common factor of 21234 and 222?
6
Calculate the highest common factor of 26280 and 73.
73
What is the greatest common divisor of 90 and 13293?
9
Calculate the greatest common divisor of 580060 and 4784.
1196
What is the greatest common factor of 219 and 3432?
3
Calculate the highest common factor of 355525 and 550.
25
Calculate the greatest common factor of 342 and 2106.
18
What is the greatest common divisor of 4686460 and 20?
20
Calculate the greatest common factor of 1343 and 10778.
17
What is the highest common divisor of 14400204 and 28?
28
What is the greatest common factor of 1355992 and 1672?
1672
Calculate the greatest common divisor of 122486 and 182.
182
Calculate the greatest common divisor of 6764 and 4450.
178
What is the highest common divisor of 50 and 86650?
50
What is the greatest common divisor of 140 and 43580?
20
What is the greatest common divisor of 5796 and 192878?
322
Calculate the greatest common divisor of 67032 and 4.
4
What is the highest common divisor of 1 and 255174?
1
Calculate the highest common factor of 42582 and 188.
94
What is the greatest common factor of 1167 and 27?
3
Calculate the greatest common factor of 38724 and 3633.
21
Calculate the greatest common factor of 1500 and 222500.
500
Calculate the highest common divisor of 99 and 17600.
11
What is the highest common factor of 35 and 16471?
7
What is the greatest common factor of 25434 and 2512?
314
What is the greatest common divisor of 1344882 and 43296?
2706
What is the highest common factor of 27 and 694809?
9
Calculate the highest common factor of 444 and 5476.
148
Calculate the highest common divisor of 12258 and 3942.
54
What is the greatest common divisor of 11518 and 4862?
26
What is the greatest common divisor of 30361 and 2504?
313
Calculate the greatest common divisor of 272 and 1744.
16
What is the greatest common divisor of 3454 and 132?
22
Calculate the highest common divisor of 106 and 13939.
53
What is the highest common divisor of 4037 and 3245?
11
What is the highest common factor of 1500 and 52100?
100
Calculate the greatest common factor of 127 and 106807.
127
Calculate the highest common divisor of 18703 and 177.
59
What is the highest common factor of 2080254 and 66?
66
What is the greatest common divisor of 342 and 23522?
38
Calculate the greatest common divisor of 6360 and 640.
40
What is the greatest common factor of 807054 and 186?
186
Calculate the highest common divisor of 494 and 3761810.
494
What is the highest common divisor of 193456 and 214?
214
Calculate the greatest common factor of 700112 and 5922.
658
Calculate the highest common factor of 736 and 71776.
32
What is the highest common divisor of 1109 and 461?
1
Calculate the highest common divisor of 104 and 1510548.
52
Calculate the greatest common divisor of 47215 and 399.
133
Calculate the highest common divisor of 1395 and 18972.
279
What is the highest common divisor of 61943 and 7?
7
Calculate the greatest common divisor of 47 and 893.
47
Calculate the highest common factor of 104 and 19474.
26
Calculate the highest common divisor of 1320209 and 55.
11
What is the highest common factor of 1085049 and 189?
189
What is the greatest common factor of 87 and 46661?
29
What is the greatest common factor of 10952 and 7400?
296
What is the highest common factor of 14046461 and 143?
143
Calculate the highest common factor of 2340 and 178425.
585
Calculate the greatest common factor of 2426 and 83697.
1213
What is the greatest common factor of 22085 and 10?
5
What is the greatest common factor of 313659 and 54?
27
Calculate the greatest common factor of 608 and 3857.
19
What is the highest common divisor of 120 and 197940?
60
Calculate the greatest common factor of 3317 and 1177.
107
Calculate the highest common divisor of 14 and 282730.
14
What is the highest common factor of 227808 and 26216?
904
Calculate the highest common factor of 990 and 105578.
22
Calculate the highest common factor of 200 and 12675.
25
What is the greatest common divisor of 285220 and 1300?
260
What is the greatest common factor of 13737 and 513?
57
Calculate the greatest common divisor of 664 and 644744.
664
What is the highest common factor of 35105 and 11543?
119
What is the highest common factor of 14 and 58583?
7
What is the greatest common divisor of 715 and 2255?
55
Calculate the highest common divisor of 421161 and 169.
13
Calculate the greatest common divisor of 16770 and 3900.
390
Calculate the greatest common divisor of 1758264 and 168.
24
What is the highest common factor of 112140 and 178?
178
What is the highest common factor of 3428690 and 70?
10
Calculate the greatest common factor of 18547 and 221.
17
Calculate the greatest common factor of 79781 and 153.
17
What is the greatest common divisor of 527 and 1126199?
527
Calculate the greatest common divisor of 4 and 130888.
4
What is the highest common divisor of 324 and 329076?
108
Calculate the highest common factor of 2100 and 141582.
42
What is the highest common factor of 40 and 65540?
20
Calculate the greatest common divisor of 84 and 1014734.
14
Calculate the highest common factor of 5673 and 8601.
183
Calculate the highest common factor of 24523 and 2148.
179
Calculate the highest common factor of 212263 and 233.
233
What is the highest common divisor of 2904 and 456?
24
What is the highest common factor of 16656 and 1008?
48
Calculate the highest common divisor of 1662 and 3047.
277
Calculate the greatest common divisor of 14400 and 10200.
600
What is the greatest common divisor of 15029 and 31255?
133
What is the highest common factor of 154 and 4994066?
154
What is the highest common factor of 3140118 and 774?
774
Calculate the highest common factor of 1282 and 454.
2
What is the highest common divisor of 15 and 3453?
3
What is the greatest common factor of 78970 and 8586?
106
Calculate the greatest common factor of 3346 and 219402.
478
What is the highest common factor of 598630 and 10?
10
What is the greatest common factor of 250 and 80600?
50
Calculate the highest common divisor of 272305 and 176.
11
What is the greatest common divisor of 286130 and 10?
10
Calculate the highest common factor of 20631 and 196443.
897
Calculate the highest common factor of 1233 and 33702.
411
Calculate the highest common factor of 260360 and 5336.
184
What is the greatest common factor of 130 and 67145?
65
Calculate the greatest common factor of 88 and 236.
4
What is the greatest common factor of 430 and 76669?
43
Calculate the greatest common factor of 217 and 24273.
31
Calculate the greatest common factor of 2484990 and 9.
9
Calculate the greatest common factor of 18 and 156960.
18
What is the highest common divisor of 10249 and 703?
37
What is the highest common divisor of 57 and 92739?
57
What is the greatest common divisor of 121254 and 42?
42
What is the highest common factor of 276 and 806794?
46
Calculate the greatest common divisor of 1325 and 3021.
53
Calculate the greatest common factor of 8082 and 306.
18
Calculate the highest common divisor of 371 and 14575.
53
Calculate the greatest common factor of 1 and 394932.
1
Calculate the highest common divisor of 138 and 122406.
138
Calculate th